Does 74 divide 39926404?
True
Is 481849328 a multiple of 314?
True
Does 246 divide 5006154?
False
Does 1177 divide 983441173?
True
Is 98450088 a multiple of 6?
True
Is 652707308 a multiple of 1606?
True
Is 95513475 a multiple of 95?
True
Does 119 divide 1039491315?
False
Is 46844595 a multiple of 9?
True
Is 187 a factor of 216778067?
True
Does 2 divide 12673086?
True
Is 58604100 a multiple of 6?
True
Is 96 a factor of 27226943?
False
Does 1253 divide 104261469?
False
Is 991729121 a multiple of 13?
False
Does 925 divide 10791975?
True
Is 944608 a multiple of 4?
True
Is 270383854 a multiple of 86?
False
Is 483 a factor of 14359590?
True
Is 17 a factor of 21664834?
True
Does 6 divide 5920844?
False
Is 18193480 a multiple of 14?
False
Does 5 divide 154594600?
True
Is 983 a factor of 202555498?
False
Does 1458 divide 103287997?
False
Does 494 divide 8664266?
True
Is 221102120 a multiple of 733?
True
Is 15160054 a multiple of 60?
False
Is 19582996 a multiple of 69?
False
Does 105 divide 81841962?
False
Is 98090353 a multiple of 532?
False
Is 12 a factor of 24993728?
False
Is 16 a factor of 325046055?
False
Is 197197440 a multiple of 640?
True
Is 16880748 a multiple of 6?
True
Does 1856 divide 141248221?
False
Is 440696960 a multiple of 3776?
True
Is 8 a factor of 589943484?
False
Does 14 divide 506136674?
False
Does 454 divide 196698375?
False
Is 153 a factor of 249933915?
True
Does 18 divide 2283967902?
False
Is 2171228 a multiple of 298?
True
Is 1306721234 a multiple of 2626?
True
Is 185 a factor of 41771145?
False
Does 2250 divide 76070170?
False
Does 97 divide 39263842?
False
Does 68 divide 1491106244?
True
Is 54019640 a multiple of 23?
True
Does 1253 divide 13087104?
False
Does 4395 divide 143175915?
True
Is 552333579 a multiple of 234?
False
Does 23 divide 402958988?
True
Is 51 a factor of 640411641?
True
Does 90 divide 76067190?
True
Is 57509547 a multiple of 2?
False
Does 28 divide 20030326?
False
Does 55 divide 99258115?
True
Is 7725967244 a multiple of 44?
False
Is 6068219 a multiple of 2?
False
Does 187 divide 49347243?
True
Is 755302 a multiple of 122?
True
Is 20 a factor of 81710380?
True
Is 297 a factor of 3266842?
False
Is 76 a factor of 401160604?
True
Does 429 divide 252864183?
True
Does 6 divide 368196?
True
Does 962 divide 127442874?
True
Is 321269162 a multiple of 179?
False
Does 13 divide 3810068109?
False
Is 1680461109 a multiple of 52?
False
Is 528 a factor of 760529616?
True
Does 934 divide 8778666?
True
Is 423 a factor of 50026518?
True
Does 25 divide 873766250?
True
Does 844 divide 7322775897?
False
Is 71695370 a multiple of 46?
True
Is 108532130 a multiple of 470?
False
Does 984 divide 133150944?
True
Is 24148716 a multiple of 548?
True
Is 7 a factor of 1479806?
False
Does 66 divide 172018581?
False
Is 290 a factor of 286141550?
True
Does 8 divide 4208158?
False
Is 13217400 a multiple of 8?
True
Is 1445 a factor of 292733880?
True
Does 14 divide 7502625594?
False
Is 5467 a factor of 89805463?
False
Is 2105 a factor of 121778460?
True
Does 188 divide 19075044?
True
Is 25463809 a multiple of 182?
False
Does 372 divide 2722018210?
False
Is 174 a factor of 28378182?
True
Is 23 a factor of 189412222?
True
Does 4924 divide 325643969?
False
Is 28271232 a multiple of 384?
True
Does 97 divide 34394677?
False
Does 15 divide 99291255?
True
Does 11 divide 7635785?
False
Is 42294487 a multiple of 2922?
False
Is 315350990 a multiple of 223?
True
Is 12 a factor of 233631780?
True
Does 550 divide 217116350?
True
Is 2261422 a multiple of 34?
False
Does 11 divide 101459061?
True
Does 1208 divide 3260520048?
True
Does 319 divide 301811642?
True
Is 31314829 a multiple of 2405?
False
Is 2492 a factor of 105470590?
False
Does 6819 divide 4669688129?
False
Does 104 divide 46945572?
False
Does 3 divide 4594179?
True
Is 9608813 a multiple of 12?
False
Is 9 a factor of 78191622?
True
Does 8 divide 113740143?
False
Does 120 divide 3605640?
True
Is 13 a factor of 67623660?
True
Does 290 divide 54930980?
False
Does 13 divide 34020306?
False
Does 1154 divide 1919449840?
False
Is 4326856510 a multiple of 817?
True
Is 4122 a factor of 349919773?
False
Is 638 a factor of 2061269882?
False
Does 58 divide 487009856?
False
Is 209007800 a multiple of 40?
True
Does 33 divide 922878?
True
Is 33556113 a multiple of 81?
True
Does 50 divide 30156678?
False
Is 88119200 a multiple of 740?
True
Does 3 divide 6057912?
True
Is 89837644 a multiple of 13?
True
Is 45289391 a multiple of 2?
False
Is 1732 a factor of 864626524?
True
Does 97 divide 709577698?
True
Does 120 divide 58712158?
False
Is 678 a factor of 3798156?
True
Is 192 a factor of 130057344?
True
Is 5 a factor of 2018035063?
False
Does 15 divide 26307552?
False
Does 1017 divide 50347602?
True
Is 518 a factor of 55228896?
False
Is 138368160 a multiple of 4410?
True
Is 21 a factor of 39633180?
False
Is 567476280 a multiple of 90?
True
Is 66 a factor of 795796169?
False
Does 259 divide 9826978?
True
Does 147 divide 27748656?
False
Is 6 a factor of 368790058?
False
Is 244 a factor of 174294228?
False
Does 77 divide 2412039707?
True
Does 20 divide 243157500?
True
Does 2454 divide 61924236?
True
Is 2978488945 a multiple of 5501?
True
Does 521 divide 957110865?
True
Is 23 a factor of 73791199?
True
Does 9 divide 6790950?
True
Is 59 a factor of 396973417?
True
Is 142168600 a multiple of 49?
True
Does 911 divide 353301738?
False
Does 1511 divide 445124161?
False
Does 252 divide 554613581?
False
Is 15 a factor of 672120837?
False
Is 695175624 a multiple of 26?
True
Does 1838 divide 3245845510?
False
Is 145057182 a multiple of 138?
True
Is 86659650 a multiple of 1722?
True
Is 381235941 a multiple of 439?
True
Does 19 divide 10332319?
False
Is 442950310 a multiple of 169?
False
Is 22 a factor of 40393628?
True
Is 4 a factor of 33846436?
True
Is 41 a factor of 651366171?
False
Does 2640 divide 252059280?
True
Is 19 a factor of 246552436?
True
Does 6 divide 3556454?
False
Does 288 divide 12381984?
True
Is 1012241523 a multiple of 1909?
True
Is 593 a factor of 114094359?
False
Is 965 a factor of 17057809?
False
Is 3261528270 a multiple of 30?
True
Is 435 a factor of 367927753?
False
Does 14 divide 319839302?
False
Does 557 divide 2537332178?
True
Is 973 a factor of 355281220?
True
Does 12 divide 91297175?
False
Is 186 a factor of 459821946?
True
Is 3502 a factor of 931620147?
False
Is 859 a factor of 112269028?
False
Is 472 a factor of 309808678?
False
Is 6371211 a multiple of 33?
True
Is 8 a factor of 6463143?
False
Is 9282776 a multiple of 577?
True
Does 42 divide 1144255266?
True
Does 418 divide 70878629?
False
Is 936795 a multiple of 361?
True
Is 23 a factor of 112215344?
True
Is 128 a factor of 7605569?
False
Is 464866592 a multiple of 8?
True
Does 12 divide 187701648?
True
Is 465 a factor of 988720124?
False
Is 1046 a factor of 1327210183?
False
Is 1070 a factor of 1569158210?
True
Does 10 divide 167610137?
False
Does 47 divide 3038032?
False
Is 31 a factor of 98229266?
True
Is 110925481 a multiple of 14?
False
Is 53879448 a multiple of 132?
False
Is 87 a factor of 32371221?
True
Is 1893 a factor of 1282772520?
True
Does 2285 divide 5076179?
False
Does 61 divide 102578198?
False
Is 103887689 a multiple of 4690?
False
Is 21448995 a multiple of 20?
False
Is 326 a factor of 77283516?
True
Does 143 divide 686251138?
False
Is 13 a factor of 3512603?
False
Does 1237 divide 117127819?
True
Is 34 a factor of 94993858?
True
Does 957 divide 194435604?
True
Is 141 a factor of 54371715?
True
Is 16888872 a multiple of 296?
True
Is 8 a factor of 5469992?
True
Is 65508580 a multiple of 1178?
True
Is 2200 a factor of 32015297?
False
Is 1983316808 a multiple of 446?
False
Does 243 divide 70939962?
True
Is 803830229 a multiple of 106?
False
Does 101 divide 26005020?
False
Does 11 divide 4882083?
False
Is 10 a factor of 42747318?
False
Is 519987360 a multiple of 80?
True
Is 67817063 a multiple of 821?
True
Is 93731520 a multiple of 5216?
True
Is 46411215 a multiple of 5?
True
Does 2408 divide 124585104?
True
Is 85 a factor of 58295125?
True
Is 3842482521 a multiple of 73?
False
Does 750 divide 402654750?
True
Does 6 divide 995358821?
False
Is 27 a factor of 833201586?
True
Is 3840 a factor of 376730880?
True
Is 48 a factor of 51664